h(y) = -y**3 + 9*y**2 + 20*y + 18. Calculate h(11).
-4
Let s(z) = z**2 - 6*z + 5. Calculate s(7).
12
Let z(u) = u**3 + 19*u**2 + 2*u + 28. Give z(-19).
-10
Let o(d) = -d**3 + 14*d**2 + 20*d - 4. What is o(16)?
-196
Let v(o) = -11*o**3 - 23*o**2 - o - 3. Determine v(-2).
-5
Let c(s) = -3*s**2 - 15*s - 19. What is c(-5)?
-19
Let r(j) = j + 24. Determine r(0).
24
Let y(b) = -b**2 + 13*b + 46. Calculate y(-8).
-122
Let u(t) = t**3 + 5*t**2 + 8*t + 3. What is u(-3)?
-3
Let g(i) = 18*i + 1. Give g(-2).
-35
Let x(b) = b**3 - 7*b**2 + 9*b - 44. Give x(7).
19
Let w(q) = q**3 + q - 14. Give w(0).
-14
Let y(g) = g**3 + 6*g**2 - 7*g - 1. Give y(-7).
-1
Let r(n) = -20*n - 8. Determine r(-3).
52
Let j(x) = -7*x**2 + x - 1. Give j(-4).
-117
Let h(i) = -5*i - 37. Determine h(-9).
8
Let s(v) = -4*v + 82. What is s(21)?
-2
Let u(v) = 3*v + 1. What is u(3)?
10
Let a(z) = -z**3 + 5*z**2 - 3*z + 56. Determine a(6).
2
Let a(k) = -2*k**2 - 7*k + 4. Give a(-6).
-26
Let v(u) = u + 18. Give v(10).
28
Let d(w) = -w**2 + 6*w + 32. Calculate d(10).
-8
Let m(p) = p**2 + 25*p - 91. Give m(5).
59
Let h(w) = w**3 - w**2 - w + 73. What is h(0)?
73
Let m(k) = -9*k**2 + k + 4. Give m(-3).
-80
Let j(b) = 27*b**2 + 132*b - 12. What is j(-5)?
3
Let a(t) = 221*t + 210. What is a(-1)?
-11
Let u(q) = q**3 + 7*q**2 - 10*q - 11. What is u(-8)?
5
Let n(v) = 2*v**3 + 2*v**2 + 2. Determine n(-3).
-34
Let u(g) = 2*g**2 + 18*g + 8. What is u(-7)?
-20
Let o(h) = -31*h + 214. Calculate o(7).
-3
Let s(j) = j**3 + 4*j**2 - 4*j - 5. What is s(-3)?
16
Let n(l) = 59*l + 199. Calculate n(-3).
22
Let c(f) = 2*f**3 - 19*f**2 - 13*f + 27. What is c(10)?
-3
Let u(r) = 19*r - 742. Determine u(39).
-1
Let c(s) = 11*s**2 - 7*s - 8. Give c(-1).
10
Let r(l) = l**3 + l**2 + 2*l + 13. What is r(-3)?
-11
Let l(w) = 5*w + 16. Calculate l(-3).
1
Let t(l) = l**3 - 5*l**2 + 3*l + 2. Calculate t(3).
-7
Let w(p) = -4*p + 2. Calculate w(3).
-10
Let u(h) = -h**2 - 3*h + 4. What is u(-3)?
4
Let t(l) = -l**3 + 8*l**2 + l - 9. Calculate t(8).
-1
Let k(h) = 2*h**3 + 12*h**2 - 13*h + 1. What is k(-7)?
-6
Let p(t) = 3*t - 25. Give p(10).
5
Let q(a) = -a**2 + 3*a + 51. What is q(-6)?
-3
Let m(p) = -2*p**2 + 8*p - 6. Give m(5).
-16
Let k(v) = 4*v**3 - 9*v**2 + 6*v. Give k(3).
45
Let j(b) = -3*b + 47. Calculate j(15).
2
Let c(d) = -2*d**2 - 14*d. Calculate c(-7).
0
Let p(k) = 3*k**2 + 4*k - 4. Give p(4).
60
Let z(p) = -3*p**2 - p - 1. Calculate z(1).
-5
Let g(w) = -w**2 + 4*w - 117. Determine g(0).
-117
Let k(u) = 11*u**3 - u**2 - 2*u - 2. Determine k(-1).
-12
Let x(t) = 2*t**2 + 10*t - 2. What is x(-5)?
-2
Let i(z) = z**3 + 14*z**2 - 35*z - 52. What is i(-16)?
-4
Let y(p) = -22*p**2 - p + 1. Give y(-1).
-20
Let p(v) = 2*v**3 - v**2 - 2*v - 1. Calculate p(2).
7
Let n(d) = -10*d**2. Calculate n(-1).
-10
Let t(w) = -w**3 + 6*w**2 - 5*w - 9. Determine t(5).
-9
Let k(r) = 2*r**2 + 11*r - 76. Give k(-12).
80
Let j(v) = -4*v - 2. Determine j(1).
-6
Let w(j) = j**2 + 10*j - 2. Determine w(-8).
-18
Let t(m) = -m**2 + 6*m - 5. Calculate t(0).
-5
Let t(b) = b**3 - b**2 + b + 3. Determine t(-3).
-36
Let o(k) = k**3 - 5*k**2 + 2*k - 6. Give o(5).
4
Let o(d) = 3*d**2 - 6*d + 1. Calculate o(4).
25
Let t(c) = -133*c + 3. Calculate t(-1).
136
Let w(h) = -h**2 - 5*h + 5. Determine w(-6).
-1
Let p(x) = -2*x**3 + 20*x**2 - 31*x - 7. Give p(8).
1
Let s(u) = -u**3 - 12*u**2 - 9*u - 87. Determine s(-12).
21
Let n(g) = g**3 - 5*g**2 + 7*g - 5. Determine n(4).
7
Let v(r) = 2*r**2 + 4*r + 2. Give v(-4).
18
Let f(g) = -4*g - 46. Calculate f(-21).
38
Let w(j) = 5*j + 6. Calculate w(-1).
1
Let i(y) = 24*y - 6. Calculate i(3).
66
Let x(h) = 60*h**3 + 2*h**2 + h. What is x(-1)?
-59
Let z(h) = -6*h + 70. Calculate z(12).
-2
Let c(o) = o**2 + 190*o + 746. What is c(-4)?
2
Let r(v) = -9*v**3 + v**2 + 2*v + 1. What is r(-1)?
9
Let x(t) = -t + 2. Determine x(-4).
6
Let v(u) = u**3 - 8*u**2 - 4*u - 12. Determine v(9).
33
Let g(z) = -5*z - 7. What is g(-6)?
23
Let s(b) = 3*b - 18. What is s(11)?
15
Let c(z) = -z**2 - 23*z - 41. Calculate c(-21).
1
Let w(p) = p**2 + 9*p + 14. What is w(-3)?
-4
Let x(w) = -23*w + 1. Determine x(-2).
47
Let q(r) = r**2 - 7*r - 51. Determine q(-4).
-7
Let n(b) = -b**3 - 8*b**2 - 6*b + 13. Give n(-7).
6
Let z(t) = 26*t - 182. Determine z(8).
26
Let a(p) = -p**3 + 2*p**2 - p + 58. Give a(0).
58
Let r(l) = 71*l**3 - l**2 - l + 2. Determine r(1).
71
Let t(i) = -i**2 + 5*i + 12. Give t(7).
-2
Let z(w) = w**2 + 7*w - 17. What is z(-8)?
-9
Let o(g) = -24*g + 1097. Determine o(46).
-7
Let x(f) = -f**3 + 5*f**2 - 5*f + 1. Determine x(4).
-3
Let o(x) = 2*x**2 - 7*x - 13. What is o(4)?
-9
Let g(a) = 7*a**2 + 4*a + 3. What is g(-2)?
23
Let q(m) = 17*m. Give q(-1).
-17
Let n(r) = r**3 + 4*r**2 + r. What is n(-3)?
6
Let x(n) = 2*n**2 - 32*n - 31. Calculate x(17).
3
Let s(c) = -21*c**3 - c**2 + 2*c + 2. Determine s(-1).
20
Let a(x) = -23*x - 51. Determine a(-3).
18
Let o(j) = 8*j**3 + j**2 + j - 2. Give o(2).
68
Let q(w) = -w**2 - w + 7. Give q(2).
1
Let a(p) = p**3 - p**2 + 2*p + 2. Determine a(0).
2
Let k(l) = l**2 - 13. What is k(-7)?
36
Let n(t) = -3*t**3 + 2*t**2 - 6. Calculate n(2).
-22
Let v(t) = -5*t - 5. Calculate v(5).
-30
Let d(t) = -t**3 - 18*t**2 - 33*t - 9. Calculate d(-16).
7
Let c(h) = h**2 - 2*h. Give c(-2).
8
Let u(s) = 3*s - 8. What is u(28)?
76
Let b(r) = r - 51. Give b(22).
-29
Let t(o) = o**2 - 9*o - 259. Give t(21).
-7
Let b(k) = -27*k - 6. Calculate b(-4).
102
Let g(o) = o**2 + o + 1. Calculate g(-4).
13
Let b(x) = -x**2 + 36*x - 26. Calculate b(35).
9
Let d(i) = i**3 + 10*i**2 + 10*i + 3. Calculate d(-9).
-6
Let d(z) = -105*z + 744. Determine d(7).
9
Let u(x) = 6*x**3 + 5*x - 5. Determine u(2).
53
Let x(b) = -b**2 - 16*b + 16. What is x(-16)?
16
Let l(r) = -r**2 + 3*r + 133. Calculate l(-10).
3
Let n(f) = 2*f**2 + f + 8. Calculate n(0).
8
Let y(a) = a**3 - 11*a**2 - 4*a - 93. Give y(12).
3
Let d(b) = -4*b - 3. Determine d(-1).
1
Let t(x) = -x**2 - 24*x + 178. Determine t(-30).
-2
Let b(q) = -2*q**3 - 21*q**2 - 5*q + 55. Calculate b(-10).
5
Let r(j) = -j**3 - 6*j**2 - j - 3. Determine r(-6).
3
Let n(l) = 3*l - 22. Calculate n(16).
26
Let r(b) = b - 13. Determine r(0).
-13
Let t(a) = -5*a**2 - 71*a - 80. Give t(-13).
-2
Let y(z) = 42*z - 210. Calculate y(6).
42
Let z(y) = y**2 + 4*y + 2. What is z(-2)?
-2
Let l(s) = -5*s + 10. Give l(7).
-25
Let p(r) = r - 15. Calculate p(9).
-6
Let k(g) = -2*g**2 - g - 2. Determine k(5).
-57
Let m(d) = -2*d**2 + 2*d. What is m(5)?
-40
Let z(n) = -n**3 - n**2 - 2*n + 2. Calculate z(3).
-40
Let c(q) = -q**3 + 3*q**2 - 4*q + 3. Give c(2).
-1
Let g(d) = d**3 - 6*d**2 - 8*d + 7. Calculate g(7).
0
Let d(w) = w**3 + 12*w**2 - w - 17. Calculate d(-12).
-5
Let m(g) = g**3 + 10*g**2 + 6*g - 25. Determine m(-9).
2
Let k(u) = 2*u**3 - 66*u**2 - 214*u - 85. Determine k(36).
-13
Let l(n) = n**3 + 3*n**2 - 2. Calculate l(-3).
-2
Let a(i) = -2*i. Give a(8).
-16
Let u(p) = p**3 - p**2 + 2*p - 3. Give u(3).
21
Let a(r) = -r**3 - 2*r**2 + 6*r + 8. Give a(0).
8
Let l(f) = f**2 - f - 24. What is l(6)?
6
Let k(u) = -7*u - 18. Give k(-3).
3
Let n(g) = -g**3 + 12*g**2 - 25*g + 33. Calculate n(10).
-17
Let y(o) = -o**3 - 9*o**2 - 6*o + 23. Calculate y(-8).
7
Let v(q) = -q**3 + 21*q**2 + 2. Give v(21).
2
Let k(v) = 26*v - 171. Calculate k(7).
11
Let k(q) = q**2 - 6*q - 2. Calculate k(-4).
38
Let y(l) = -l - 2. Determine y(3).
-5
Let j(a) = a**3 - 8*a**2 - 8*a + 7. Determine j(9).
16
Let g(z) = -z**2 - 6*z + 7. Determine g(2).
-9
Let z(g) = -3*g**2 - 16*g + 23. Give z(-10).
-117
Let r(q) = 6*q**3 - 48*q**2 + q - 13. Calculate r(8).
-5
Let b(i) = -i**3 - 12*i**2 - i + 5. Give b(-12).
17
Let r(d) = -2*d**2 + 98*d - 194. Give r(47).
-6
Let a(u) = u**3 + 32*u**2 + 62*u + 51. Determine a(-30).
-9
Let u(x) = -6*x - 193. Calculate u(-34).
11
Let l(r) = -4*r**2 + 19*r - 8. What is l(4)?
4
Let u(s) = -s**3 - 7*s**2 + 9*s + 10. Calculate u(-8).
2
Let w(g) = g**2 + 16*g + 12. Calculate w(-6).
-48
Let n(b) = -b**3 - 8*b**2 - 14*b + 2. What is n(-6)?
14
Let w(p) = 2*p**2 + 17*p + 10. Calculate w(-6).
-20
Let x(w) = -w**2 + 2*w - 7. Calculate x(4).
-15
Let h(l) = -2*l + 37. Calculate h(21).
-5
Let m(f) = f**2 - 28*f - 129. What is m(-4)?
-1
Let q(p) = p**2 - p - 3. Determine q(3).
3
Let k(i) = 6*i + 6. Determine k(-4).
-18
Let 